{"id":23,"date":"2020-05-15T15:14:47","date_gmt":"2020-05-15T13:14:47","guid":{"rendered":"https:\/\/www.immobilien-am-tegernsee.info\/?page_id=23"},"modified":"2020-05-15T15:14:48","modified_gmt":"2020-05-15T13:14:48","slug":"impressum","status":"publish","type":"page","link":"https:\/\/www.immobilien-am-tegernsee.info\/index.php\/impressum\/","title":{"rendered":"Impressum"},"content":{"rendered":"<div id=\"pl-23\"  class=\"panel-layout\" ><div id=\"pg-23-0\"  class=\"panel-grid panel-no-style\" ><div id=\"pgc-23-0-0\"  class=\"panel-grid-cell\" ><div id=\"panel-23-0-0-0\" class=\"so-panel widget widget_sow-editor panel-first-child panel-last-child\" data-index=\"0\" ><div\n\t\t\t\n\t\t\tclass=\"so-widget-sow-editor so-widget-sow-editor-base\"\n\t\t\t\n\t\t>\n<div class=\"siteorigin-widget-tinymce textwidget\">\n\t<div id=\"page\" class=\"hfeed site\">\n<div id=\"main\" class=\"clearfix\">\n<div class=\"inner-wrap clearfix\">\n<div id=\"primary\">\n<div id=\"content\" class=\"clearfix\">\n<article id=\"post-20\" class=\"post-20 page type-page status-publish hentry\">\n<div class=\"entry-content clearfix\">\n<div id=\"pl-20\" class=\"panel-layout\">\n<div id=\"pg-20-0\" class=\"panel-grid panel-no-style\">\n<div id=\"pgc-20-0-0\" class=\"panel-grid-cell\">\n<div id=\"panel-20-0-0-0\" class=\"so-panel widget widget_sow-editor panel-first-child panel-last-child\" data-index=\"0\">\n<div class=\"so-widget-sow-editor so-widget-sow-editor-base\">\n<div class=\"siteorigin-widget-tinymce textwidget\">\n<p>immobilien-am-tegernsee.info ist eine Webseite der Ott Investment AG<\/p>\n<p>Postanschrift:<br \/>\n<strong>Ott Investment AG<\/strong><br \/>\nRainer Ott (Vorstand, Fachbuchautor)<br \/>\nSchlesierstr. 7<br \/>\n96132 Schl\u00fcsselfeld<br \/>\nDeutschland<\/p>\n<p>Telefon: 09552-9309944<br \/>\nTelefax: 09552-9309907<\/p>\n<p>Steuernummer: DE252797928<br \/>\nEingetragen in Register: Bamberg, HRB 5751<\/p>\n<p>Email: info (\u00e4t) ott-investment-ag.de<\/p>\n<p>Offizielle Webseite der Ott Investment AG: www.ott-kapitalanlagen.de<\/p>\n<p>Weitere Internet-Ver\u00f6ffentlichungen:<\/p>\n<p><a href=\"https:\/\/www.pflegeimmobilie-geldanlage.de\/\" target=\"_blank\" rel=\"noopener\">Pflegeimmobilie als Geldanlage<\/a><\/p>\n<p><a href=\"https:\/\/www.ott-kapitalanlagen.de\/\" target=\"_blank\" rel=\"noopener\">Ott Investment AG<\/a><\/p>\n<p><a href=\"https:\/\/www.studentenwohnungen-blog.de\/\" target=\"_blank\" rel=\"noopener\">Studentenwohnung<\/a><\/p>\n<p><a href=\"https:\/\/www.kapitalanlagenforum.de\/\" target=\"_blank\" rel=\"noopener\">Kapitalanlagenforum<\/a><\/p>\n<p>T\u00e4tigkeitserlaubnis:<br \/>\nAusweis Erlaubnis nach \u00a734f Abs. 1 S. 1 Nr. 1 und 2 und 3 GewO<\/p>\n<p>Registrierungsnummer: D-F-155-SLWJ-24<\/p>\n<p>Zust\u00e4ndige Beh\u00f6rde: IHK M\u00fcnchen<\/p>\n<p>Beteiligungen an Personenhandelsgesellschaften:<br \/>\nDie Ott Investment AG ist an keiner Personenhandelsgesellschaft als gesch\u00e4ftsf\u00fchrender Gesellschafter oder anderweitig beteiligt.<\/p>\n<p>Emittenten und Anbieter, zu deren Finanzanlagen Vermittlungsleistungen aktuell angeboten werden: INP Holding AG, Project Investment AG, ZBI Fondsmanagement AG<\/p>\n<p>Es werden durch die Ott Investment AG ausschlie\u00dflich Vermittlungsleistungen und keine Beratungsleistungen erbracht!<\/p>\n<p>\u2013 Erlaubnis nach \u00a734c Absatz 1 Satz 1 Nummer 1 Gewerbeordnung (Immobilienmakler)<br \/>\n\u2013 Erlaubnis nach \u00a734c Absatz 1 Satz 1 Nummer 2 Gewerbeordnung (Vermittlung des Abschlusses von Darlehensvertr\u00e4gen, mit Ausnahme von Vertr\u00e4gen im Sinne des \u00a734i Absatz 1 Satz 1 Gewerbeordnung, oder Nachweis der Gelegenheit zum Abschluss solcher Vertr\u00e4ge).<br \/>\nAusichtsbeh\u00f6rde: Industrie- und Handelskammer f\u00fcr M\u00fcnchen und Oberbayern, Max-Joseph-Str. 2, 80333 M\u00fcnchen<\/p>\n<\/div>\n<\/div>\n<\/div>\n<\/div>\n<\/div>\n<\/div>\n<\/div>\n<\/article>\n<\/div>\n<\/div>\n<\/div>\n<\/div>\n<\/div>\n<\/div>\n<\/div><\/div><\/div><\/div><\/div>","protected":false},"excerpt":{"rendered":"<p>immobilien-am-tegernsee.info ist eine Webseite der Ott Investment AG Postanschrift: Ott Investment AG Rainer Ott (Vorstand, Fachbuchautor) Schlesierstr. 7 96132 Schl\u00fcsselfeld<\/p>\n","protected":false},"author":1,"featured_media":0,"parent":0,"menu_order":0,"comment_status":"closed","ping_status":"closed","template":"","meta":{"ngg_post_thumbnail":0,"footnotes":""},"aioseo_notices":[],"_links":{"self":[{"href":"https:\/\/www.immobilien-am-tegernsee.info\/index.php\/wp-json\/wp\/v2\/pages\/23"}],"collection":[{"href":"https:\/\/www.immobilien-am-tegernsee.info\/index.php\/wp-json\/wp\/v2\/pages"}],"about":[{"href":"https:\/\/www.immobilien-am-tegernsee.info\/index.php\/wp-json\/wp\/v2\/types\/page"}],"author":[{"embeddable":true,"href":"https:\/\/www.immobilien-am-tegernsee.info\/index.php\/wp-json\/wp\/v2\/users\/1"}],"replies":[{"embeddable":true,"href":"https:\/\/www.immobilien-am-tegernsee.info\/index.php\/wp-json\/wp\/v2\/comments?post=23"}],"version-history":[{"count":1,"href":"https:\/\/www.immobilien-am-tegernsee.info\/index.php\/wp-json\/wp\/v2\/pages\/23\/revisions"}],"predecessor-version":[{"id":24,"href":"https:\/\/www.immobilien-am-tegernsee.info\/index.php\/wp-json\/wp\/v2\/pages\/23\/revisions\/24"}],"wp:attachment":[{"href":"https:\/\/www.immobilien-am-tegernsee.info\/index.php\/wp-json\/wp\/v2\/media?parent=23"}],"curies":[{"name":"wp","href":"https:\/\/api.w.org\/{rel}","templated":true}]}}